 greatest common factor of f and u.
8
Let m(j) = 8*j**2 - 5*j - 703. Let s be m(-38). What is the greatest common factor of 19 and s?
19
Suppose 17 + 3 = 4*b. Suppose b*k + 3*h = 15, 2*k + h - 9 = -k. Suppose -k*g + 5*g - 10 = 0. Calculate the greatest common divisor of 25 and g.
5
Suppose 267*z - 261*z = 4471 + 3449. Calculate the greatest common divisor of z and 75.
15
Let f(y) = -81*y - 1. Let d = 18 - 19. Let n be f(d). Let q(i) = -4*i - 6. Let c be q(-4). Calculate the greatest common factor of n and c.
10
Let f(a) = 2*a**2 + 6*a - 8. Let y be f(-8). Suppose 0 = 2*z - 16, -4*h - 5*z + 134 + 26 = 0. What is the greatest common factor of y and h?
6
Let p = 20617 + -9260. What is the highest common factor of p and 41?
41
Let z = -2288 + 2313. What is the greatest common divisor of z and 22275?
25
Suppose 5*n - 3 = 2*n - r, -9 = -3*n - 3*r. Suppose 2*p + i = 13, n = p + 4*p - 4*i - 26. Suppose p*g + 40 = 280. What is the highest common factor of g and 80?
40
Suppose 11*s = 7*s + 20. Suppose 20*u - s = 115. What is the greatest common divisor of u and 24?
6
Let k = 287 - 113. Let c = 209 - k. Calculate the highest common divisor of c and 56.
7
Let f(v) = v**3 - 16*v**2 + 8*v - 33. Let z be f(15). Let h = -131 - z. Suppose 0 = 3*x - 8*x + 140. What is the highest common factor of x and h?
7
Suppose -238 + 768 = 4*j - 2*y, 408 = 3*j - 5*y. Let x = 209 - j. Let z = x + -33. What is the greatest common factor of 5 and z?
5
Suppose -3 = -p, 27 = 3*t + 10*p - 5*p. Suppose -3*r + 235 = 3*h - 1037, 848 = 2*h + t*r. Calculate the greatest common divisor of h and 8.
8
Let t = 28 + 296. Let y = -237 + t. What is the greatest common factor of y and 3?
3
Let k(q) = -q**2 - 25*q - 146. Let d be k(-15). Calculate the greatest common divisor of 1760 and d.
4
Let l be -2 + 360/168 - 209/(-7). Let r = 2 + 2. Suppose 0 = -2*s + r*w + 32, 0 = -s + 3*w - 10 + 31. What is the greatest common factor of s and l?
6
Let f = -239 - -293. Let g = -1223 + 1628. Calculate the highest common factor of f and g.
27
Let s be 3*(-3)/9 - -6. Suppose -4*u + 10 = -s*u + w, -5*u - 3*w = 90. Let k be 1771/105 - 2/u. What is the highest common divisor of 68 and k?
17
Let r be ((-18576)/(-180) - 34) + (-6)/5. What is the highest common divisor of 9792 and r?
68
Let l = -168 + 243. Let y = 554 - 461. Let n = y - l. Calculate the greatest common factor of 18 and n.
18
Let q = -119 - -121. Suppose q*v = 16 + 18. Calculate the highest common divisor of 170 and v.
17
Let v = -5335 - -5352. Calculate the highest common divisor of v and 6154.
17
Let t(w) = w**3 - 10*w**2 - 231*w - 33. Let k be t(22). Calculate the greatest common factor of 374 and k.
11
Let i = -3919 - -4111. Suppose -13 = -5*k + 32. Suppose -678 + i = -k*b. Calculate the highest common divisor of b and 9.
9
Let i be (10 - 45/5)/(7/322). Let s = 279 + 20. What is the greatest common factor of s and i?
23
Let m = -22 + 29. Suppose 196 = -53*l + 60*l. Calculate the greatest common factor of l and m.
7
Let a = -11788 + 11825. Suppose -5*k + k + 1628 = -5*z, 0 = -z. Calculate the greatest common factor of a and k.
37
Let n be 0 + 20/(-25) - (-52)/(-10). Let v be 14 + (n - -6) + (-3 - -5). What is the highest common factor of v and 448?
16
Let h be 4 - (129/(-473) - (-45)/44)/(1/(-308)). Let z = 20 - -27. Calculate the highest common divisor of h and z.
47
Let d be (-930)/(-6) + (-4)/(16/12). Let y = d - -24. What is the greatest common divisor of y and 8?
8
Suppose -c = i - 11, -36*c - 5 = -37*c + i. Suppose 511 = c*z - 641. Calculate the greatest common divisor of z and 64.
16
Suppose -5*c - 105 = -0*v - 4*v, -v + 10 = 2*c. Let l(t) = -21*t + 68 + 114*t - 54. Let g be l(2). Calculate the greatest common divisor of v and g.
20
Let a(u) = -15617*u - 32. Let w be a(2). Let s be w/(-99) + 4 + 168/(-44). Calculate the greatest common factor of 79 and s.
79
Let z(r) = r**2 - 10*r - 119. Let d be z(17). Suppose d = -23*f - 4*f + 2052. What is the highest common divisor of f and 171?
19
Let p be (-682)/(-9) + 10/45. Suppose 0 = p*q - 96*q + 220. What is the greatest common factor of 583 and q?
11
Let a(u) = 13*u**2 - 2*u + 6*u - 12*u**2 + u + 9. Let l be a(-4). Suppose 5*t - l + 0 = 0. What is the highest common factor of 11 and t?
1
Suppose -4*u = -s + 473, -u = 2*s - 2*u - 946. What is the greatest common divisor of s and 129?
43
Let t be 1 - 2234/(-16) - (-755)/(-1208). Calculate the greatest common divisor of 7028 and t.
28
Let a(n) = 2*n**2 + 6*n + 161. Let w be -2 + 25 - 0*(-1)/5. Let v be a(w). Calculate the greatest common factor of 59 and v.
59
Let l(q) = -44*q**3 - q**2 - 7*q - 9. Let n be l(-1). Let f(p) = 109*p + 1. Let c be f(3). Calculate the greatest common factor of n and c.
41
Let a be -16 + (-17 - (-161 + -7)). Suppose 4*v - 7*j - 336 = -4*j, v - 77 = -j. Calculate the highest common divisor of v and a.
27
Suppose 0*w = 3*w + 6. Let x be (-105)/(-9) + w/3. Suppose -12 + 456 = 78*p - 414. What is the highest common divisor of p and x?
11
Let l be ((-42)/(-4))/(-3 + -5 - 332/(-40)). What is the highest common factor of 35 and l?
35
Let h = 22027 + -21802. What is the highest common divisor of 5715 and h?
45
Let s(l) = -12*l - 3. Let m be s(-2). Suppose 5*n - 40 = -5*i, -5*i + m = -2*n - 12. Suppose -i*c = -2*c - 160. Calculate the highest common divisor of 4 and c.
4
Let u = 59840 + -59723. Let j be 2 + 50 + 0/1. Calculate the greatest common factor of u and j.
13
Suppose 81*a - 82*a + 5*w = -55, -2*a + 5*w = -85. Suppose -3*v + 2*p + 234 = 0, -5*p + 415 = 7*v - 2*v. What is the greatest common factor of a and v?
10
Let x(t) = t**3 - 6*t**2 - 3*t + 43. Let i be x(3). What is the greatest common divisor of i and 3500?
7
Let f(d) = 2*d + 11. Let y be f(-11). Let v = 14 + y. Suppose v*h - 9 + 6 = 0. What is the highest common factor of 7 and h?
1
Let v(n) = -n**2 + 40*n - 52. Let f be v(38). What is the greatest common factor of 472 and f?
8
Let r = -60 + 69. Suppose -18*o = -369 + r. Let y be 22 - -3*6/(-9). Calculate the highest common divisor of y and o.
20
Let n = -14995 - -18123. What is the highest common factor of n and 322?
46
Let a be ((-896)/(-96))/(4/(-48)). Let i be (-175)/2*(-24)/10. Let j = a + i. Calculate the greatest common divisor of j and 14.
14
Suppose -4*a = -0*a + 4. Let f be (a/((-2)/4))/(4/38). Let w = f + -6. What is the greatest common factor of w and 117?
13
Let s be (312/(-20))/(66/(-1540)). Calculate the highest common factor of s and 224.
28
Suppose 26*m + 18993 = 77883. Calculate the highest common factor of m and 45.
15
Suppose -2 = -14*z + 12*z. Let s(y) = y + 2. Let i be s(z). Suppose 6*c - i*c - 48 = 0. Calculate the highest common divisor of c and 24.
8
Let p(s) = 7*s**3 - 13*s**2 + 10*s + 96. Let u be p(8). Calculate the highest common factor of u and 3.
3
Let l(u) = u**2 - 5*u - 9. Let b be l(6). Let r be 5*(-1)/(b + 2). Let c be 40 + (-4 - 3/3). What is the highest common divisor of r and c?
5
Let i(v) = 1069*v + 9681. Let o be i(-9). Calculate the greatest common factor of o and 2260.
20
Let s be (-22)/(-4) + -3 + (-10)/(-4). Suppose o - 67 = s*x, 3*o - 3*x - x - 190 = 0. Let j = o + -44. Calculate the greatest common divisor of j and 6.
6
Suppose 2*r + 6062 = -144*n + 146*n, 3*n - 9105 = 5*r. What is the greatest common factor of 50 and n?
25
Let y(c) = c + 61. Let t be y(-36). What is the highest common factor of t and 5?
5
Suppose 0*i - 3*i = -609. Let x = -734 + 1256. Let a be 14964/x - (0 + (-2)/6). Calculate the highest common factor of i and a.
29
Let i = 33 + -12. Let g = i + -14. Suppose -14*w = -12*w - 42. Calculate the greatest common factor of w and g.
7
Let b = 9008 + -5238. Calculate the greatest common factor of b and 1740.
290
Let v = -46 + 49. Suppose -2*a - 145 = v*j, 0*a - 143 = 3*j + a. Let u = 80 + j. Calculate the highest common divisor of u and 22.
11
Let w be (2/5)/((-4)/(-680)). Let n = w + -41. Let o = n - -7. What is the greatest common divisor of 136 and o?
34
Let k be -21*((-8)/6 - 1). Let o = -5242 - -5249. What is the greatest common divisor of k and o?
7
Suppose 3*c - 6*c + 2*l = 20, -4*c = -2*l + 28. Let u = c + 28. Calculate the highest common factor of u and 10.
10
Suppose p = -5*p + 150. Suppose -7*i - p = -32. Calculate the greatest common di